22
In base 2, what is -11111100100110 - 1111111?
-11111110100101
In base 6, what is 25135233 + 110?
25135343
In base 13, what is -2 - -581c31?
581c2c
In base 11, what is -321108605 - 5?
-32110860a
In base 14, what is -31276 + 38?
-3123c
In base 15, what is 1c54 - ca49?
-ace5
In base 4, what is 31022230022 + 3?
31022230031
In base 2, what is -10011 - -10110000000011000011?
10110000000010110000
In base 3, what is 22001 - 21010000101?
-21002201100
In base 4, what is 22 + -10020103302?
-10020103220
In base 13, what is 3 - 951bca?
-951bc7
In base 9, what is -86267 - -117?
-86150
In base 7, what is 10046 + 11301?
21350
In base 5, what is 2 - 441201203?
-441201201
In base 13, what is 6ac4a + 35c?
6b2a9
In base 12, what is 2 + -1752205?
-1752203
In base 2, what is 1100 + -101100100110010010011000?
-101100100110010010001100
In base 16, what is -bb7 - 20ea?
-2ca1
In base 15, what is 35c0 - -1e99?
5569
In base 13, what is 16a538c + 8?
16a5397
In base 7, what is -4140 + -15402?
-22542
In base 13, what is a580 + -4992?
58bb
In base 13, what is -3677b9 + 258?
-367561
In base 4, what is 3323300333 - 320?
3323300013
In base 11, what is 3a0a + -696?
3324
In base 12, what is 39 + -366a3?
-36666
In base 10, what is 5612313 + 41?
5612354
In base 12, what is 26814 - 1972?
24a62
In base 10, what is 516 - -31876?
32392
In base 11, what is -21 - -154a78a?
154a769
In base 12, what is 10801 - -19099?
2989a
In base 2, what is -1101001101110010000 + -10011?
-1101001101110100011
In base 16, what is 26 - -123932?
123958
In base 11, what is -1a5797273 + -5?
-1a5797278
In base 4, what is 2 + -1230211012?
-1230211010
In base 14, what is -4 - 8caa8d?
-8caa93
In base 3, what is -210201121 - -2011200?
-201112221
In base 13, what is 538a - -776?
5b33
In base 14, what is 1 + -378cc34?
-378cc33
In base 3, what is -11022000022 - -1210?
-11021221112
In base 16, what is 41a93f9 - -7?
41a9400
In base 7, what is 15550162 - 3?
15550156
In base 6, what is 43 - -34503251?
34503334
In base 9, what is 233 + 132825?
133158
In base 2, what is -1111100110000010011 - -10?
-1111100110000010001
In base 14, what is 100a905 + -3?
100a902
In base 16, what is -16 - 28fb06?
-28fb1c
In base 12, what is -665407a + -2?
-6654080
In base 10, what is 25505 - 7878?
17627
In base 3, what is -1100011202 + -1111?
-1100020020
In base 14, what is 5 + -218501?
-2184da
In base 10, what is 4148 - -66694?
70842
In base 12, what is -27442aa + 5?
-27442a5
In base 3, what is 1021 - 1110221111?
-1110220020
In base 8, what is 120172 + 633?
121025
In base 3, what is 111021200 + 11001221?
122100121
In base 3, what is 211212020 - -102101200?
1021020220
In base 15, what is -554c2 + 71?
-55451
In base 8, what is -1 - -20665654?
20665653
In base 7, what is 2 - -26431535?
26431540
In base 6, what is 14024253 - -311?
14025004
In base 8, what is 41 - -6631731?
6631772
In base 15, what is -11 - 2d507?
-2d518
In base 4, what is -112 - 131222221133?
-131222221311
In base 16, what is -3 - 3f8044?
-3f8047
In base 4, what is 201310 - 1003203?
-201233
In base 5, what is -210210103401 + -11?
-210210103412
In base 12, what is 22aa + 207?
24b5
In base 6, what is 123 + 1431010?
1431133
In base 5, what is -2044213004 + 4?
-2044213000
In base 6, what is -25034112 - -2450?
-25031222
In base 6, what is 11301454541 - -2?
11301454543
In base 10, what is -33049740 + -11?
-33049751
In base 13, what is 95770 - 10?
95760
In base 10, what is 4 - -13308684?
13308688
In base 6, what is 2 - 114045013?
-114045011
In base 15, what is 431389 + 9?
431393
In base 3, what is -10212101 + -1201222?
-12121100
In base 12, what is -2a59b - -568?
-2a033
In base 12, what is 28a105392 + -5?
28a105389
In base 10, what is -78 + -419956?
-420034
In base 2, what is -1001001011111010 - 1100100?
-1001001101011110
In base 3, what is -11 - 22201100210021?
-22201100210102
In base 16, what is 1 - -36b0769?
36b076a
In base 11, what is 109 - 42213?
-42105
In base 12, what is 63aa256 + 1?
63aa257
In base 10, what is 173873 + 47?
173920
In base 14, what is 3 + -932a61a?
-932a617
In base 14, what is 30db + -1a5c?
147d
In base 2, what is -1101110000100000100 - 11100?
-1101110000100100000
In base 7, what is 125435266 + -23?
125435243
In base 3, what is 120002020002212101 + 2?
120002020002212110
In base 6, what is 434 - -2234354?
2235232
In base 14, what is -3 + 20289d1?
20289cc
In base 5, what is 311313 + -1244?
310014
In base 11, what is -174 - -68089?
67a15
In base 11, what is -53880 - -5a80?
-48900
In base 2, what is -11100111110000111 - 10101?
-11100111110011100
In base 2, what is 10110101011100100 - -10001100010?
10110111101000110
In base 6, what is -10305513 - -2435?
-10303034
In base 2, what is 101110 - -111100010100111100?
111100010101101010
In base 14, what is 5194d8 + -c?
5194ca
In base 10, what is -677580 - 49?
-677629
In base 7, what is -12 + -262546?
-262561
In base 16, what is f - -81c2e?
81c3d
In base 4, what is -1221222220002 + 0?
-1221222220002
In base 7, what is -25202 - -110362?
52160
In base 12, what is -798a0 + 104?
-79798
In base 7, what is -230535024 - 13?
-230535040
In base 5, what is 22044 - 1222144?
-1200100
In base 11, what is -3 + -a12533?
-a12536
In base 8, what is 5303 + 45412?
52715
In base 10, what is -3 + -20028356?
-20028359
In base 6, what is -2414 - 23120335?
-23123153
In base 5, what is 404 + 1042040320?
1042041224
In base 8, what is 1476053 - 73?
1475760
In base 9, what is -5 - 347240?
-347245
In base 13, what is 1b - 3b329b?
-3b3280
In base 12, what is 21 + -110120?
-1100bb
In base 10, what is 71 - -6871?
6942
In base 2, what is 100110101010001011000101 + -110?
100110101010001010111111
In base 5, what is -1000234 + -43302?
-1044041
In base 7, what is -2634133 + -4?
-2634140
In base 11, what is 912 - -18477?
19289
In base 6, what is -3 - 4522535501?
-4522535504
In base 15, what is 53972 + 1dd?
53b60
In base 6, what is -1221 + 4252024?
4250403
In base 7, what is -104 + 12465340?
12465233
In base 13, what is 105445 + -213?
105232
In base 10, what is -18384 - 182?
-18566
In base 10, what is 6214 + 5643?
11857
In base 4, what is 2232302111 + 333?
2232303110
In base 9, what is 18410 + -32?
18367
In base 16, what is -2 - -58705d?
58705b
In base 3, what is 2021 + 10120220112?
10120222210
In base 12, what is -16 + 2b3279?
2b3263
In base 6, what is -1151120 - 500?
-1152020
In base 12, what is 20192 - 50?
20142
In base 14, what is -10dc + -592?
-1690
In base 6, what is -3 - -32402140121?
32402140114
In base 15, what is 7 - -18e926d?
18e9275
In base 13, what is -4985 - 11081?
-15a36
In base 3, what is -11020012221 - 201111?
-11020221102
In base 11, what is 2183 + -310a6?
-29a23
In base 2, what is 10010011 - -110100000101001011101?
110100000101011110000
In base 13, what is 13 + 3945cb?
394611
In base 12, what is -2 - -85341806?
85341804
In base 15, what is 21b + -99135?
-98e19
In base 15, what is 5 - -1758d0a?
1758d10
In base 13, what is 375400b + -2?
3754009
In base 6, what is -12454021332 + 5?
-12454021323
In base 6, what is -112301024 - -24?
-112301000
In base 6, what is 421210 + 40201?
501411
In base 4, what is 1103 + -1020123130?
-1020122021
In base 3, what is -122202212012 - 11221?
-122210001010
In base 14, what is -1 - 27b5587?
-27b5588
In base 7, what is -2214 + 566533?
564316
In base 2, what is -1110011110110001110 - -1?
-1110011110110001101
In base 12, what is 0 + 437b87?
437b87
In base 12, what is 1 + -bb72b6a?
-bb72b69
In base 8, what is 1036 - 42153?
-41115
In base 2, what is 101 - 10100111000001011001010?
-10100111000001011000101
In base 11, what is 0 - -4183473?
4183473
In base 9, what is -34 - 1375327?
-1375362
In base 14, what is -1 - 1542a27?
-1542a28
In base 6, what is -10 + -302213215?
-302213225
In base 2, what is -1 + 10001001000000011111000?
10001001000000011110111
In base 8, what is -34 - -541017?
540763
In base 14, what is a63 + 19d5?
2658
In base 7, what is -65236424 - 23?
-65236450
In base 9, what is 0 + -55847211?
-55847211
In base 12, what is 1 + 336727b1?
336727b2
In base 14, what is -116c356 + -1?
-116c357
In base 5, what is -10 - -3430200331?
3430200321
In base 16, what is -4456 + -1e7a?
-62d0
In base 15, what is 4 - 5b7d084?
-5b7d080
In base 11, what is 2268 - 2176?
a2
In base 16, what is 1 + b38dee?
b38def
In base 7, what 